189
Calculate the remainder when 8399 is divided by 31.
29
Calculate the remainder when 2701 is divided by 26.
23
What is the remainder when 50 is divided by 43?
7
What is the remainder when 68 is divided by 18?
14
Calculate the remainder when 6363 is divided by 148.
147
What is the remainder when 531 is divided by 62?
35
What is the remainder when 306 is divided by 302?
4
Calculate the remainder when 752 is divided by 20.
12
What is the remainder when 185 is divided by 47?
44
What is the remainder when 326 is divided by 18?
2
Calculate the remainder when 29547 is divided by 30.
27
What is the remainder when 26 is divided by 2?
0
What is the remainder when 138 is divided by 21?
12
Calculate the remainder when 517 is divided by 106.
93
Calculate the remainder when 383 is divided by 64.
63
Calculate the remainder when 3821 is divided by 81.
14
What is the remainder when 386 is divided by 48?
2
What is the remainder when 191 is divided by 114?
77
Calculate the remainder when 922 is divided by 21.
19
Calculate the remainder when 137 is divided by 35.
32
What is the remainder when 550 is divided by 143?
121
Calculate the remainder when 173 is divided by 98.
75
What is the remainder when 191 is divided by 14?
9
What is the remainder when 458 is divided by 270?
188
What is the remainder when 124 is divided by 67?
57
Calculate the remainder when 831 is divided by 19.
14
Calculate the remainder when 729 is divided by 713.
16
Calculate the remainder when 818 is divided by 126.
62
Calculate the remainder when 2693 is divided by 55.
53
Calculate the remainder when 478 is divided by 233.
12
Calculate the remainder when 43 is divided by 12.
7
Calculate the remainder when 7811 is divided by 126.
125
Calculate the remainder when 1153 is divided by 58.
51
What is the remainder when 81 is divided by 43?
38
Calculate the remainder when 27672 is divided by 5.
2
What is the remainder when 88 is divided by 10?
8
What is the remainder when 15603 is divided by 83?
82
What is the remainder when 216 is divided by 8?
0
What is the remainder when 214 is divided by 96?
22
What is the remainder when 366 is divided by 65?
41
Calculate the remainder when 1604 is divided by 10.
4
Calculate the remainder when 1909 is divided by 91.
89
Calculate the remainder when 103 is divided by 22.
15
What is the remainder when 633 is divided by 312?
9
What is the remainder when 1504 is divided by 168?
160
Calculate the remainder when 45 is divided by 16.
13
What is the remainder when 670 is divided by 21?
19
Calculate the remainder when 1857 is divided by 13.
11
What is the remainder when 401 is divided by 101?
98
Calculate the remainder when 2591 is divided by 12.
11
Calculate the remainder when 77 is divided by 31.
15
What is the remainder when 54 is divided by 34?
20
Calculate the remainder when 439 is divided by 13.
10
Calculate the remainder when 1748 is divided by 110.
98
Calculate the remainder when 122 is divided by 35.
17
Calculate the remainder when 550 is divided by 19.
18
Calculate the remainder when 76 is divided by 32.
12
Calculate the remainder when 237 is divided by 21.
6
Calculate the remainder when 1163 is divided by 78.
71
Calculate the remainder when 770 is divided by 56.
42
What is the remainder when 1090 is divided by 216?
10
Calculate the remainder when 356 is divided by 13.
5
Calculate the remainder when 937 is divided by 176.
57
What is the remainder when 13047 is divided by 56?
55
What is the remainder when 341 is divided by 69?
65
What is the remainder when 101 is divided by 88?
13
What is the remainder when 18567 is divided by 211?
210
Calculate the remainder when 304 is divided by 34.
32
What is the remainder when 979 is divided by 481?
17
What is the remainder when 19189 is divided by 6396?
1
What is the remainder when 456 is divided by 41?
5
Calculate the remainder when 4214 is divided by 31.
29
What is the remainder when 6 is divided by 6?
0
Calculate the remainder when 16561 is divided by 41.
38
What is the remainder when 184 is divided by 32?
24
Calculate the remainder when 320 is divided by 307.
13
What is the remainder when 698 is divided by 99?
5
Calculate the remainder when 854 is divided by 95.
94
Calculate the remainder when 150 is divided by 14.
10
What is the remainder when 435 is divided by 19?
17
Calculate the remainder when 483 is divided by 39.
15
What is the remainder when 815 is divided by 82?
77
What is the remainder when 719 is divided by 345?
29
What is the remainder when 30 is divided by 1?
0
What is the remainder when 562 is divided by 188?
186
What is the remainder when 978 is divided by 164?
158
What is the remainder when 73 is divided by 27?
19
Calculate the remainder when 2873 is divided by 151.
4
Calculate the remainder when 46 is divided by 7.
4
Calculate the remainder when 121 is divided by 35.
16
Calculate the remainder when 410 is divided by 46.
42
Calculate the remainder when 12 is divided by 7.
5
What is the remainder when 4280 is divided by 153?
149
What is the remainder when 238 is divided by 42?
28
What is the remainder when 447 is divided by 149?
0
What is the remainder when 43017 is divided by 274?
273
What is the remainder when 4416 is divided by 66?
60
Calculate the remainder when 230 is divided by 58.
56
What is the remainder when 356 is divided by 90?
86
What is the remainder when 255 is divided by 30?
15
What is the remainder when 3324 is divided by 32?
28
Calculate the remainder when 135 is divided by 13.
5
Calculate the remainder when 2766 is divided by 13.
10
Calculate the remainder when 69 is divided by 15.
9
What is the remainder when 850 is divided by 34?
0
What is the remainder when 3723 is divided by 113?
107
What is the remainder when 79 is divided by 50?
29
What is the remainder when 3132 is divided by 391?
4
What is the remainder when 1922 is divided by 242?
228
Calculate the remainder when 106 is divided by 48.
10
Calculate the remainder when 1380 is divided by 62.
16
What is the remainder when 440 is divided by 101?
36
Calculate the remainder when 98 is divided by 31.
5
Calculate the remainder when 477 is divided by 80.
77
Calculate the remainder when 150 is divided by 32.
22
What is the remainder when 609 is divided by 258?
93
Calculate the remainder when 143 is divided by 116.
27
Calculate the remainder when 1158 is divided by 129.
126
What is the remainder when 1739 is divided by 145?
144
Calculate the remainder when 137 is divided by 4.
1
Calculate the remainder when 270 is divided by 13.
10
What is the remainder when 1548 is divided by 8?
4
Calculate the remainder when 371 is divided by 22.
19
Calculate the remainder when 15903 is divided by 241.
238
Calculate the remainder when 39 is divided by 10.
9
What is the remainder when 311 is divided by 21?
17
What is the remainder when 1330 is divided by 37?
35
Calculate the remainder when 16 is divided by 15.
1
Calculate the remainder when 19 is divided by 11.
8
What is the remainder when 1197 is divided by 50?
47
What is the remainder when 500 is divided by 36?
32
What is the remainder when 212 is divided by 72?
68
What is the remainder when 1247 is divided by 607?
33
What is the remainder when 1690 is divided by 94?
92
Calculate the remainder when 412 is divided by 4.
0
What is the remainder when 172 is divided by 6?
4
What is the remainder when 8241 is divided by 11?
2
What is the remainder when 673 is divided by 5?
3
What is the remainder when 1183 is divided by 99?
94
What is the remainder when 206 is divided by 30?
26
Calculate the remainder when 287 is divided by 57.
2
Calculate the remainder when 33812 is divided by 221.
220
What is the remainder when 1883 is divided by 82?
79
Calculate the remainder when 4059 is divided by 145.
144
Calculate the remainder when 130 is divided by 93.
37
Calculate the remainder when 297 is divided by 275.
22
What is the remainder when 67 is divided by 11?
1
Calculate the remainder when 509 is divided by 29.
16
What is the remainder when 363 is divided by 301?
62
What is the remainder when 180 is divided by 91?
89
Calculate the remainder when 1465 is divided by 65.
35
Calculate the remainder when 249 is divided by 80.
9
What is the remainder when 592 is divided by 213?
166
Calculate the remainder when 215 is div